n 574 is divided by 113?
9
What is the remainder when 351 is divided by 11?
10
Calculate the remainder when 527 is divided by 74.
9
What is the remainder when 1117 is divided by 51?
46
Calculate the remainder when 1862 is divided by 55.
47
Calculate the remainder when 150 is divided by 38.
36
Calculate the remainder when 907 is divided by 90.
7
What is the remainder when 778 is divided by 17?
13
What is the remainder when 2628 is divided by 94?
90
Calculate the remainder when 19311 is divided by 16.
15
What is the remainder when 523 is divided by 11?
6
Calculate the remainder when 451 is divided by 77.
66
What is the remainder when 45 is divided by 33?
12
Calculate the remainder when 139 is divided by 36.
31
What is the remainder when 1029 is divided by 43?
40
Calculate the remainder when 240 is divided by 121.
119
What is the remainder when 252 is divided by 178?
74
What is the remainder when 113 is divided by 24?
17
Calculate the remainder when 439 is divided by 72.
7
What is the remainder when 25 is divided by 12?
1
What is the remainder when 121 is divided by 63?
58
What is the remainder when 518 is divided by 264?
254
Calculate the remainder when 272 is divided by 90.
2
What is the remainder when 807 is divided by 264?
15
What is the remainder when 225 is divided by 201?
24
Calculate the remainder when 603 is divided by 85.
8
What is the remainder when 499 is divided by 100?
99
What is the remainder when 36 is divided by 5?
1
Calculate the remainder when 1835 is divided by 10.
5
What is the remainder when 2250 is divided by 374?
6
What is the remainder when 529 is divided by 67?
60
What is the remainder when 95 is divided by 90?
5
What is the remainder when 517 is divided by 217?
83
Calculate the remainder when 510 is divided by 103.
98
Calculate the remainder when 100 is divided by 78.
22
What is the remainder when 196 is divided by 69?
58
What is the remainder when 826 is divided by 114?
28
What is the remainder when 58 is divided by 10?
8
What is the remainder when 567 is divided by 527?
40
Calculate the remainder when 1121 is divided by 284.
269
What is the remainder when 897 is divided by 82?
77
What is the remainder when 739 is divided by 243?
10
What is the remainder when 299 is divided by 169?
130
Calculate the remainder when 655 is divided by 175.
130
What is the remainder when 575 is divided by 72?
71
Calculate the remainder when 1077 is divided by 135.
132
Calculate the remainder when 1048 is divided by 37.
12
Calculate the remainder when 602 is divided by 48.
26
Calculate the remainder when 37 is divided by 5.
2
Calculate the remainder when 709 is divided by 104.
85
What is the remainder when 1193 is divided by 40?
33
Calculate the remainder when 79 is divided by 66.
13
What is the remainder when 160 is divided by 30?
10
Calculate the remainder when 252 is divided by 64.
60
What is the remainder when 331 is divided by 37?
35
What is the remainder when 205 is divided by 44?
29
What is the remainder when 240 is divided by 216?
24
What is the remainder when 711 is divided by 42?
39
What is the remainder when 419 is divided by 116?
71
Calculate the remainder when 233 is divided by 48.
41
What is the remainder when 267 is divided by 95?
77
What is the remainder when 42082 is divided by 63?
61
What is the remainder when 131 is divided by 45?
41
Calculate the remainder when 152 is divided by 51.
50
What is the remainder when 68 is divided by 9?
5
Calculate the remainder when 185 is divided by 138.
47
Calculate the remainder when 1201 is divided by 39.
31
Calculate the remainder when 54 is divided by 21.
12
What is the remainder when 45 is divided by 25?
20
What is the remainder when 18 is divided by 11?
7
What is the remainder when 232 is divided by 16?
8
Calculate the remainder when 5916 is divided by 18.
12
What is the remainder when 1652 is divided by 240?
212
Calculate the remainder when 1336 is divided by 13.
10
What is the remainder when 440 is divided by 13?
11
Calculate the remainder when 4192 is divided by 380.
12
What is the remainder when 586 is divided by 196?
194
What is the remainder when 703 is divided by 141?
139
What is the remainder when 345 is divided by 73?
53
What is the remainder when 86 is divided by 13?
8
What is the remainder when 944 is divided by 15?
14
What is the remainder when 61 is divided by 49?
12
Calculate the remainder when 157 is divided by 46.
19
What is the remainder when 762 is divided by 234?
60
Calculate the remainder when 1171 is divided by 195.
1
Calculate the remainder when 6425 is divided by 4.
1
Calculate the remainder when 1703 is divided by 564.
11
Calculate the remainder when 676 is divided by 169.
0
Calculate the remainder when 154 is divided by 47.
13
What is the remainder when 2913 is divided by 55?
53
What is the remainder when 283 is divided by 41?
37
Calculate the remainder when 446 is divided by 81.
41
What is the remainder when 5218 is divided by 174?
172
What is the remainder when 228 is divided by 3?
0
Calculate the remainder when 143 is divided by 48.
47
Calculate the remainder when 253 is divided by 51.
49
What is the remainder when 613 is divided by 76?
5
Calculate the remainder when 161 is divided by 67.
27
Calculate the remainder when 24 is divided by 4.
0
What is the remainder when 23011 is divided by 56?
51
What is the remainder when 4102 is divided by 9?
7
What is the remainder when 1359 is divided by 85?
84
Calculate the remainder when 1106 is divided by 42.
14
What is the remainder when 1993 is divided by 105?
103
What is the remainder when 45 is divided by 24?
21
Calculate the remainder when 133346 is divided by 17.
15
What is the remainder when 95 is divided by 24?
23
What is the remainder when 194 is divided by 3?
2
Calculate the remainder when 3567 is divided by 5.
2
What is the remainder when 1006 is divided by 34?
20
What is the remainder when 767 is divided by 188?
15
Calculate the remainder when 316 is divided by 11.
8
Calculate the remainder when 228 is divided by 74.
6
What is the remainder when 1095 is divided by 159?
141
Calculate the remainder when 992 is divided by 71.
69
What is the remainder when 2445 is divided by 31?
27
What is the remainder when 1343 is divided by 96?
95
What is the remainder when 96 is divided by 17?
11
Calculate the remainder when 2114 is divided by 47.
46
Calculate the remainder when 174 is divided by 14.
6
Calculate the remainder when 34 is divided by 27.
7
Calculate the remainder when 2483 is divided by 2.
1
Calculate the remainder when 121 is divided by 58.
5
What is the remainder when 12 is divided by 1?
0
What is the remainder when 362 is divided by 116?
14
Calculate the remainder when 262 is divided by 17.
7
Calculate the remainder when 173 is divided by 51.
20
What is the remainder when 3273 is divided by 22?
17
Calculate the remainder when 735 is divided by 18.
15
Calculate the remainder when 414 is divided by 19.
15
Calculate the remainder when 5446 is divided by 1356.
22
Calculate the remainder when 2389 is divided by 1193.
3
What is the remainder when 404 is divided by 13?
1
Calculate the remainder when 1636 is divided by 26.
24
Calculate the remainder when 118 is divided by 23.
3
Calculate the remainder when 153 is divided by 46.
15
What is the remainder when 3549 is divided by 71?
70
What is the remainder when 688 is divided by 146?
104
Calculate the remainder when 69 is divided by 10.
9
What is the remainder when 216 is divided by 22?
18
What is the remainder when 121 is divided by 40?
1
What is the remainder when 4604 is divided by 16?
12
Calculate the remainder when 328 is divided by 313.
15
Calculate the remainder when 29 is divided by 18.
11
Calculate the remainder when 2310 is divided by 2303.
7
What is the remainder when 202 is divided by 54?
40
What is the remainder when 145 is divided by 57?
31
What is the remainder when 1338 is divided by 112?
106
What is the remainder when 259 is divided by 78?
25
Calculate the remainder when 493 is divided by 20.
13
Calculate the remainder when 509 is divided by 73.
71
Calculate the remainder when 27404 is divided by 45.
44
What is the remainder when 196 is divided by 41?
32
Calculate the remainder when 798 is divided by 8.
6
What is the remainder when 63 is divide